{"id":47275,"date":"2026-01-04T01:03:39","date_gmt":"2026-01-04T00:03:39","guid":{"rendered":"https:\/\/paragaleriedetalborjt.com\/?post_type=product&#038;p=47275"},"modified":"2026-01-04T01:03:40","modified_gmt":"2026-01-04T00:03:40","slug":"svr-biotic-cera-baume-regenerant-comblant-peaux-seches-50ml","status":"publish","type":"product","link":"https:\/\/paragaleriedetalborjt.com\/en\/boutique\/svr-biotic-cera-baume-regenerant-comblant-peaux-seches-50ml\/","title":{"rendered":"SVR BIOTIC CERA BAUME REGENERANT COMBLANT PEAUX SECHES 50ML"},"content":{"rendered":"<div aria-labelledby=\"tab-title-description\" class=\"woocommerce-Tabs-panel woocommerce-Tabs-panel--description panel entry-content wc-tab\" id=\"tab-description\" role=\"tabpanel\" style=\"\">\n<h2>Description<\/h2>\n<p>Les c\u00e9ramides constituent 50% de la barri\u00e8re protectrice de la peau. La peau s\u00e8che a un d\u00e9ficit de c\u00e9ramides, la barri\u00e8re s\u2019alt\u00e8re, l\u2019eau s\u2019\u00e9vapore vite. Vieillissement biologique, stress, pollution et UV accentuent ce ph\u00e9nom\u00e8ne et fragilisent la peau \u00e0 3 niveaux : microbiote, \u00e9piderme, derme.<\/p>\n<p>R\u00e9sultats : la peau s\u2019affine, perd sa fermet\u00e9 et les rides se creusent.<\/p>\n<p>[CERA] BIOTIC cible s\u00e9cheresse, perte de fermet\u00e9, rides<\/p>\n<p>La cr\u00e8me [CERA] BIOTIC est enrichie en 4 actifs pour r\u00e9g\u00e9n\u00e9rer la peau:<br \/>\n\u2013 des probiotiques pasteuris\u00e9s pour prot\u00e9ger et renforcer la barri\u00e8re cutan\u00e9e<br \/>\n\u2013 de l\u2019acide hyaluronique pour lisser les rides, ridules et hydrater<br \/>\n\u2013 de la vitamine c stabilis\u00e9e pour prot\u00e9ger des radicaux libres, uniformiser, raffermir, d\u00e9fatiguer et illuminer le teint<br \/>\n\u2013 des c\u00e9ramides pour restaurer la barri\u00e8re cutan\u00e9e et corriger les rides<\/p>\n<p>Sa texture baume enveloppante offre un shot nutritif pour combler les rides et renforcer l\u2019hydratation de la peau. Elle est plus lisse, ferme et confortable.<\/p>\n<p>Efficacit\u00e9 prouv\u00e9e cliniquement sur peaux sensibles.<\/p>\n<p><strong><strong>Conseils d\u2019Utilisation : <\/strong> <\/strong><\/p>\n<p>Pour une peau intens\u00e9ment nourrie, appliquer [CERA BIOTIC] matin et\/ou soir sur peau propre et s\u00e8che. Appliquer sur l\u2019ensemble du visage et du cou.<\/p>\n<p>\u00a0<\/p>\n<\/div>\n","protected":false},"excerpt":{"rendered":"<p>Highlights:Baume r\u00e9g\u00e9n\u00e9rant comblant50ml \u2013 24h de confort dans une texture nourrissante !S\u00e9cheresse, perte de fermet\u00e9, rides.<\/p>","protected":false},"featured_media":47276,"comment_status":"open","ping_status":"closed","template":"","meta":[],"pwb-brand":[1590],"product_cat":[16],"product_tag":[],"class_list":{"0":"post-47275","1":"product","2":"type-product","3":"status-publish","4":"has-post-thumbnail","6":"pwb-brand-svr","7":"product_cat-non-classe","8":"pa_brands-svr","10":"first","11":"instock","12":"sale","13":"shipping-taxable","14":"purchasable","15":"product-type-simple"},"yoast_head":"<!-- This site is optimized with the Yoast SEO plugin v27.5 - https:\/\/yoast.com\/product\/yoast-seo-wordpress\/ -->\n<title>SVR BIOTIC CERA BAUME REGENERANT COMBLANT PEAUX SECHES 50ML - paragaleriedetalborjt<\/title>\n<meta name=\"robots\" content=\"index, follow, max-snippet:-1, max-image-preview:large, max-video-preview:-1\" \/>\n<link rel=\"canonical\" href=\"https:\/\/paragaleriedetalborjt.com\/en\/boutique\/svr-biotic-cera-baume-regenerant-comblant-peaux-seches-50ml\/\" \/>\n<meta property=\"og:locale\" content=\"en_US\" \/>\n<meta property=\"og:type\" content=\"article\" \/>\n<meta property=\"og:title\" content=\"SVR BIOTIC CERA BAUME REGENERANT COMBLANT PEAUX SECHES 50ML - paragaleriedetalborjt\" \/>\n<meta property=\"og:description\" content=\"Highlights:Baume r\u00e9g\u00e9n\u00e9rant comblant50ml \u2013 24h de confort dans une texture nourrissante !S\u00e9cheresse, perte de fermet\u00e9, rides.\" \/>\n<meta property=\"og:url\" content=\"https:\/\/paragaleriedetalborjt.com\/en\/boutique\/svr-biotic-cera-baume-regenerant-comblant-peaux-seches-50ml\/\" \/>\n<meta property=\"og:site_name\" content=\"paragaleriedetalborjt\" \/>\n<meta property=\"article:modified_time\" content=\"2026-01-04T00:03:40+00:00\" \/>\n<meta property=\"og:image\" content=\"https:\/\/paragaleriedetalborjt.com\/wp-content\/uploads\/2026\/01\/CERA_Biotic.png.jpg\" \/>\n\t<meta property=\"og:image:width\" content=\"295\" \/>\n\t<meta property=\"og:image:height\" content=\"295\" \/>\n\t<meta property=\"og:image:type\" content=\"image\/jpeg\" \/>\n<meta name=\"twitter:card\" content=\"summary_large_image\" \/>\n<meta name=\"twitter:label1\" content=\"Est. reading time\" \/>\n\t<meta name=\"twitter:data1\" content=\"1 minute\" \/>\n<script type=\"application\/ld+json\" class=\"yoast-schema-graph\">{\"@context\":\"https:\\\/\\\/schema.org\",\"@graph\":[{\"@type\":\"WebPage\",\"@id\":\"https:\\\/\\\/paragaleriedetalborjt.com\\\/boutique\\\/svr-biotic-cera-baume-regenerant-comblant-peaux-seches-50ml\\\/\",\"url\":\"https:\\\/\\\/paragaleriedetalborjt.com\\\/boutique\\\/svr-biotic-cera-baume-regenerant-comblant-peaux-seches-50ml\\\/\",\"name\":\"SVR BIOTIC CERA BAUME REGENERANT COMBLANT PEAUX SECHES 50ML - paragaleriedetalborjt\",\"isPartOf\":{\"@id\":\"https:\\\/\\\/paragaleriedetalborjt.com\\\/#website\"},\"primaryImageOfPage\":{\"@id\":\"https:\\\/\\\/paragaleriedetalborjt.com\\\/boutique\\\/svr-biotic-cera-baume-regenerant-comblant-peaux-seches-50ml\\\/#primaryimage\"},\"image\":{\"@id\":\"https:\\\/\\\/paragaleriedetalborjt.com\\\/boutique\\\/svr-biotic-cera-baume-regenerant-comblant-peaux-seches-50ml\\\/#primaryimage\"},\"thumbnailUrl\":\"https:\\\/\\\/paragaleriedetalborjt.com\\\/wp-content\\\/uploads\\\/2026\\\/01\\\/CERA_Biotic.png.jpg\",\"datePublished\":\"2026-01-04T00:03:39+00:00\",\"dateModified\":\"2026-01-04T00:03:40+00:00\",\"breadcrumb\":{\"@id\":\"https:\\\/\\\/paragaleriedetalborjt.com\\\/boutique\\\/svr-biotic-cera-baume-regenerant-comblant-peaux-seches-50ml\\\/#breadcrumb\"},\"inLanguage\":\"en-US\",\"potentialAction\":[{\"@type\":\"ReadAction\",\"target\":[\"https:\\\/\\\/paragaleriedetalborjt.com\\\/boutique\\\/svr-biotic-cera-baume-regenerant-comblant-peaux-seches-50ml\\\/\"]}]},{\"@type\":\"ImageObject\",\"inLanguage\":\"en-US\",\"@id\":\"https:\\\/\\\/paragaleriedetalborjt.com\\\/boutique\\\/svr-biotic-cera-baume-regenerant-comblant-peaux-seches-50ml\\\/#primaryimage\",\"url\":\"https:\\\/\\\/paragaleriedetalborjt.com\\\/wp-content\\\/uploads\\\/2026\\\/01\\\/CERA_Biotic.png.jpg\",\"contentUrl\":\"https:\\\/\\\/paragaleriedetalborjt.com\\\/wp-content\\\/uploads\\\/2026\\\/01\\\/CERA_Biotic.png.jpg\",\"width\":295,\"height\":295},{\"@type\":\"BreadcrumbList\",\"@id\":\"https:\\\/\\\/paragaleriedetalborjt.com\\\/boutique\\\/svr-biotic-cera-baume-regenerant-comblant-peaux-seches-50ml\\\/#breadcrumb\",\"itemListElement\":[{\"@type\":\"ListItem\",\"position\":1,\"name\":\"Accueil\",\"item\":\"https:\\\/\\\/paragaleriedetalborjt.com\\\/\"},{\"@type\":\"ListItem\",\"position\":2,\"name\":\"Boutique\",\"item\":\"https:\\\/\\\/paragaleriedetalborjt.com\\\/boutique\\\/\"},{\"@type\":\"ListItem\",\"position\":3,\"name\":\"SVR BIOTIC CERA BAUME REGENERANT COMBLANT PEAUX SECHES 50ML\"}]},{\"@type\":\"WebSite\",\"@id\":\"https:\\\/\\\/paragaleriedetalborjt.com\\\/#website\",\"url\":\"https:\\\/\\\/paragaleriedetalborjt.com\\\/\",\"name\":\"paragaleriedetalborjt\",\"description\":\"\",\"potentialAction\":[{\"@type\":\"SearchAction\",\"target\":{\"@type\":\"EntryPoint\",\"urlTemplate\":\"https:\\\/\\\/paragaleriedetalborjt.com\\\/?s={search_term_string}\"},\"query-input\":{\"@type\":\"PropertyValueSpecification\",\"valueRequired\":true,\"valueName\":\"search_term_string\"}}],\"inLanguage\":\"en-US\"}]}<\/script>\n<!-- \/ Yoast SEO plugin. -->","yoast_head_json":{"title":"SVR BIOTIC CERA BAUME REGENERANT COMBLANT PEAUX SECHES 50ML - paragaleriedetalborjt","robots":{"index":"index","follow":"follow","max-snippet":"max-snippet:-1","max-image-preview":"max-image-preview:large","max-video-preview":"max-video-preview:-1"},"canonical":"https:\/\/paragaleriedetalborjt.com\/en\/boutique\/svr-biotic-cera-baume-regenerant-comblant-peaux-seches-50ml\/","og_locale":"en_US","og_type":"article","og_title":"SVR BIOTIC CERA BAUME REGENERANT COMBLANT PEAUX SECHES 50ML - paragaleriedetalborjt","og_description":"Highlights:Baume r\u00e9g\u00e9n\u00e9rant comblant50ml \u2013 24h de confort dans une texture nourrissante !S\u00e9cheresse, perte de fermet\u00e9, rides.","og_url":"https:\/\/paragaleriedetalborjt.com\/en\/boutique\/svr-biotic-cera-baume-regenerant-comblant-peaux-seches-50ml\/","og_site_name":"paragaleriedetalborjt","article_modified_time":"2026-01-04T00:03:40+00:00","og_image":[{"width":295,"height":295,"url":"https:\/\/paragaleriedetalborjt.com\/wp-content\/uploads\/2026\/01\/CERA_Biotic.png.jpg","type":"image\/jpeg"}],"twitter_card":"summary_large_image","twitter_misc":{"Est. reading time":"1 minute"},"schema":{"@context":"https:\/\/schema.org","@graph":[{"@type":"WebPage","@id":"https:\/\/paragaleriedetalborjt.com\/boutique\/svr-biotic-cera-baume-regenerant-comblant-peaux-seches-50ml\/","url":"https:\/\/paragaleriedetalborjt.com\/boutique\/svr-biotic-cera-baume-regenerant-comblant-peaux-seches-50ml\/","name":"SVR BIOTIC CERA BAUME REGENERANT COMBLANT PEAUX SECHES 50ML - paragaleriedetalborjt","isPartOf":{"@id":"https:\/\/paragaleriedetalborjt.com\/#website"},"primaryImageOfPage":{"@id":"https:\/\/paragaleriedetalborjt.com\/boutique\/svr-biotic-cera-baume-regenerant-comblant-peaux-seches-50ml\/#primaryimage"},"image":{"@id":"https:\/\/paragaleriedetalborjt.com\/boutique\/svr-biotic-cera-baume-regenerant-comblant-peaux-seches-50ml\/#primaryimage"},"thumbnailUrl":"https:\/\/paragaleriedetalborjt.com\/wp-content\/uploads\/2026\/01\/CERA_Biotic.png.jpg","datePublished":"2026-01-04T00:03:39+00:00","dateModified":"2026-01-04T00:03:40+00:00","breadcrumb":{"@id":"https:\/\/paragaleriedetalborjt.com\/boutique\/svr-biotic-cera-baume-regenerant-comblant-peaux-seches-50ml\/#breadcrumb"},"inLanguage":"en-US","potentialAction":[{"@type":"ReadAction","target":["https:\/\/paragaleriedetalborjt.com\/boutique\/svr-biotic-cera-baume-regenerant-comblant-peaux-seches-50ml\/"]}]},{"@type":"ImageObject","inLanguage":"en-US","@id":"https:\/\/paragaleriedetalborjt.com\/boutique\/svr-biotic-cera-baume-regenerant-comblant-peaux-seches-50ml\/#primaryimage","url":"https:\/\/paragaleriedetalborjt.com\/wp-content\/uploads\/2026\/01\/CERA_Biotic.png.jpg","contentUrl":"https:\/\/paragaleriedetalborjt.com\/wp-content\/uploads\/2026\/01\/CERA_Biotic.png.jpg","width":295,"height":295},{"@type":"BreadcrumbList","@id":"https:\/\/paragaleriedetalborjt.com\/boutique\/svr-biotic-cera-baume-regenerant-comblant-peaux-seches-50ml\/#breadcrumb","itemListElement":[{"@type":"ListItem","position":1,"name":"Accueil","item":"https:\/\/paragaleriedetalborjt.com\/"},{"@type":"ListItem","position":2,"name":"Boutique","item":"https:\/\/paragaleriedetalborjt.com\/boutique\/"},{"@type":"ListItem","position":3,"name":"SVR BIOTIC CERA BAUME REGENERANT COMBLANT PEAUX SECHES 50ML"}]},{"@type":"WebSite","@id":"https:\/\/paragaleriedetalborjt.com\/#website","url":"https:\/\/paragaleriedetalborjt.com\/","name":"paragaleriedetalborjt","description":"","potentialAction":[{"@type":"SearchAction","target":{"@type":"EntryPoint","urlTemplate":"https:\/\/paragaleriedetalborjt.com\/?s={search_term_string}"},"query-input":{"@type":"PropertyValueSpecification","valueRequired":true,"valueName":"search_term_string"}}],"inLanguage":"en-US"}]}},"brands":[{"id":1590,"name":"SVR","slug":"svr"}],"_links":{"self":[{"href":"https:\/\/paragaleriedetalborjt.com\/en\/wp-json\/wp\/v2\/product\/47275","targetHints":{"allow":["GET"]}}],"collection":[{"href":"https:\/\/paragaleriedetalborjt.com\/en\/wp-json\/wp\/v2\/product"}],"about":[{"href":"https:\/\/paragaleriedetalborjt.com\/en\/wp-json\/wp\/v2\/types\/product"}],"replies":[{"embeddable":true,"href":"https:\/\/paragaleriedetalborjt.com\/en\/wp-json\/wp\/v2\/comments?post=47275"}],"version-history":[{"count":1,"href":"https:\/\/paragaleriedetalborjt.com\/en\/wp-json\/wp\/v2\/product\/47275\/revisions"}],"predecessor-version":[{"id":47277,"href":"https:\/\/paragaleriedetalborjt.com\/en\/wp-json\/wp\/v2\/product\/47275\/revisions\/47277"}],"wp:featuredmedia":[{"embeddable":true,"href":"https:\/\/paragaleriedetalborjt.com\/en\/wp-json\/wp\/v2\/media\/47276"}],"wp:attachment":[{"href":"https:\/\/paragaleriedetalborjt.com\/en\/wp-json\/wp\/v2\/media?parent=47275"}],"wp:term":[{"taxonomy":"pwb-brand","embeddable":true,"href":"https:\/\/paragaleriedetalborjt.com\/en\/wp-json\/wp\/v2\/pwb-brand?post=47275"},{"taxonomy":"product_cat","embeddable":true,"href":"https:\/\/paragaleriedetalborjt.com\/en\/wp-json\/wp\/v2\/product_cat?post=47275"},{"taxonomy":"product_tag","embeddable":true,"href":"https:\/\/paragaleriedetalborjt.com\/en\/wp-json\/wp\/v2\/product_tag?post=47275"}],"curies":[{"name":"wp","href":"https:\/\/api.w.org\/{rel}","templated":true}]}}

<div aria-labelledby="tab-title-description" class="woocommerce-Tabs-panel woocommerce-Tabs-panel--description panel entry-content wc-tab" id="tab-description" role="tabpanel" style="">
<h2>Description</h2>
<p>Les céramides constituent 50% de la barrière protectrice de la peau. La peau sèche a un déficit de céramides, la barrière s’altère, l’eau s’évapore vite. Vieillissement biologique, stress, pollution et UV accentuent ce phénomène et fragilisent la peau à 3 niveaux : microbiote, épiderme, derme.</p>
<p>Résultats : la peau s’affine, perd sa fermeté et les rides se creusent.</p>
<p>[CERA] BIOTIC cible sécheresse, perte de fermeté, rides</p>
<p>La crème [CERA] BIOTIC est enrichie en 4 actifs pour régénérer la peau:<br />
– des probiotiques pasteurisés pour protéger et renforcer la barrière cutanée<br />
– de l’acide hyaluronique pour lisser les rides, ridules et hydrater<br />
– de la vitamine c stabilisée pour protéger des radicaux libres, uniformiser, raffermir, défatiguer et illuminer le teint<br />
– des céramides pour restaurer la barrière cutanée et corriger les rides</p>
<p>Sa texture baume enveloppante offre un shot nutritif pour combler les rides et renforcer l’hydratation de la peau. Elle est plus lisse, ferme et confortable.</p>
<p>Efficacité prouvée cliniquement sur peaux sensibles.</p>
<p><strong><strong>Conseils d’Utilisation : </strong> </strong></p>
<p>Pour une peau intensément nourrie, appliquer [CERA BIOTIC] matin et/ou soir sur peau propre et sèche. Appliquer sur l’ensemble du visage et du cou.</p>
<p> </p>
</div>

<p>Highlights:Baume régénérant comblant50ml – 24h de confort dans une texture nourrissante !Sécheresse, perte de fermeté, rides.</p>

<!-- This site is optimized with the Yoast SEO plugin v27.5 - https://yoast.com/product/yoast-seo-wordpress/ -->
<title>SVR BIOTIC CERA BAUME REGENERANT COMBLANT PEAUX SECHES 50ML - paragaleriedetalborjt</title>
<meta name="robots" content="index, follow, max-snippet:-1, max-image-preview:large, max-video-preview:-1" />
<link rel="canonical" href="https://paragaleriedetalborjt.com/en/boutique/svr-biotic-cera-baume-regenerant-comblant-peaux-seches-50ml/" />
<meta property="og:locale" content="en_US" />
<meta property="og:type" content="article" />
<meta property="og:title" content="SVR BIOTIC CERA BAUME REGENERANT COMBLANT PEAUX SECHES 50ML - paragaleriedetalborjt" />
<meta property="og:description" content="Highlights:Baume régénérant comblant50ml – 24h de confort dans une texture nourrissante !Sécheresse, perte de fermeté, rides." />
<meta property="og:url" content="https://paragaleriedetalborjt.com/en/boutique/svr-biotic-cera-baume-regenerant-comblant-peaux-seches-50ml/" />
<meta property="og:site_name" content="paragaleriedetalborjt" />
<meta property="article:modified_time" content="2026-01-04T00:03:40+00:00" />
<meta property="og:image" content="https://paragaleriedetalborjt.com/wp-content/uploads/2026/01/CERA_Biotic.png.jpg" />
	<meta property="og:image:width" content="295" />
	<meta property="og:image:height" content="295" />
	<meta property="og:image:type" content="image/jpeg" />
<meta name="twitter:card" content="summary_large_image" />
<meta name="twitter:label1" content="Est. reading time" />
	<meta name="twitter:data1" content="1 minute" />
<script type="application/ld+json" class="yoast-schema-graph">{"@context":"https:\/\/schema.org","@graph":[{"@type":"WebPage","@id":"https:\/\/paragaleriedetalborjt.com\/boutique\/svr-biotic-cera-baume-regenerant-comblant-peaux-seches-50ml\/","url":"https:\/\/paragaleriedetalborjt.com\/boutique\/svr-biotic-cera-baume-regenerant-comblant-peaux-seches-50ml\/","name":"SVR BIOTIC CERA BAUME REGENERANT COMBLANT PEAUX SECHES 50ML - paragaleriedetalborjt","isPartOf":{"@id":"https:\/\/paragaleriedetalborjt.com\/#website"},"primaryImageOfPage":{"@id":"https:\/\/paragaleriedetalborjt.com\/boutique\/svr-biotic-cera-baume-regenerant-comblant-peaux-seches-50ml\/#primaryimage"},"image":{"@id":"https:\/\/paragaleriedetalborjt.com\/boutique\/svr-biotic-cera-baume-regenerant-comblant-peaux-seches-50ml\/#primaryimage"},"thumbnailUrl":"https:\/\/paragaleriedetalborjt.com\/wp-content\/uploads\/2026\/01\/CERA_Biotic.png.jpg","datePublished":"2026-01-04T00:03:39+00:00","dateModified":"2026-01-04T00:03:40+00:00","breadcrumb":{"@id":"https:\/\/paragaleriedetalborjt.com\/boutique\/svr-biotic-cera-baume-regenerant-comblant-peaux-seches-50ml\/#breadcrumb"},"inLanguage":"en-US","potentialAction":[{"@type":"ReadAction","target":["https:\/\/paragaleriedetalborjt.com\/boutique\/svr-biotic-cera-baume-regenerant-comblant-peaux-seches-50ml\/"]}]},{"@type":"ImageObject","inLanguage":"en-US","@id":"https:\/\/paragaleriedetalborjt.com\/boutique\/svr-biotic-cera-baume-regenerant-comblant-peaux-seches-50ml\/#primaryimage","url":"https:\/\/paragaleriedetalborjt.com\/wp-content\/uploads\/2026\/01\/CERA_Biotic.png.jpg","contentUrl":"https:\/\/paragaleriedetalborjt.com\/wp-content\/uploads\/2026\/01\/CERA_Biotic.png.jpg","width":295,"height":295},{"@type":"BreadcrumbList","@id":"https:\/\/paragaleriedetalborjt.com\/boutique\/svr-biotic-cera-baume-regenerant-comblant-peaux-seches-50ml\/#breadcrumb","itemListElement":[{"@type":"ListItem","position":1,"name":"Accueil","item":"https:\/\/paragaleriedetalborjt.com\/"},{"@type":"ListItem","position":2,"name":"Boutique","item":"https:\/\/paragaleriedetalborjt.com\/boutique\/"},{"@type":"ListItem","position":3,"name":"SVR BIOTIC CERA BAUME REGENERANT COMBLANT PEAUX SECHES 50ML"}]},{"@type":"WebSite","@id":"https:\/\/paragaleriedetalborjt.com\/#website","url":"https:\/\/paragaleriedetalborjt.com\/","name":"paragaleriedetalborjt","description":"","potentialAction":[{"@type":"SearchAction","target":{"@type":"EntryPoint","urlTemplate":"https:\/\/paragaleriedetalborjt.com\/?s={search_term_string}"},"query-input":{"@type":"PropertyValueSpecification","valueRequired":true,"valueName":"search_term_string"}}],"inLanguage":"en-US"}]}</script>
<!-- / Yoast SEO plugin. -->

Highlights:Baume régénérant comblant50ml – 24h de confort dans une texture nourrissante !Sécheresse, perte de fermeté, rides.
