{"id":43087,"date":"2026-01-03T21:58:09","date_gmt":"2026-01-03T20:58:09","guid":{"rendered":"https:\/\/paragaleriedetalborjt.com\/?post_type=product&#038;p=43087"},"modified":"2026-01-03T21:58:09","modified_gmt":"2026-01-03T20:58:09","slug":"uvp-ecran-minerale-spf50-50ml","status":"publish","type":"product","link":"https:\/\/paragaleriedetalborjt.com\/en\/boutique\/uvp-ecran-minerale-spf50-50ml\/","title":{"rendered":"Uvp Ecran Minerale spf50+ 50ml"},"content":{"rendered":"<div aria-labelledby=\"tab-title-description\" class=\"woocommerce-Tabs-panel woocommerce-Tabs-panel--description panel entry-content wc-tab\" id=\"tab-description\" role=\"tabpanel\" style=\"\">\n<h2>Description<\/h2>\n<h2><strong>Description<\/strong><\/h2>\n<div aria-labelledby=\"tab-title-description\" class=\"woocommerce-Tabs-panel woocommerce-Tabs-panel--description panel entry-content wc-tab\" id=\"tab-description\" role=\"tabpanel\" style=\"display: none;\">\n<p>UVP cr\u00e8me min\u00e9rale teint\u00e9e solaire spf50 est un \u00e9cran solaire tr\u00e8s haute protection sp\u00e9cialement con\u00e7ue pour les peaux intol\u00e9rantes aux filtres chimiques.<br \/>\nEnti\u00e8rement min\u00e9rale, UVP cr\u00e8me min\u00e9rale teint\u00e9e solaire est indiqu\u00e9e pour les peaux extr\u00eamement sensibles, les peaux irrit\u00e9es, les peaux r\u00e9actives et les peaux intol\u00e9rantes aux autres cr\u00e8mes solaires.<\/p>\n<p>Associant l\u2019efficacit\u00e9 des filtres min\u00e9raux aux bienfaits de ses composantes m\u00e9dicinales naturelles la cr\u00e8me solaire UVP procure :<\/p>\n<p>-Une protection solaire extr\u00eame UVA-UVB.<br \/>\n-Un effet hydratant, apaisant, antioxydant gr\u00e2ce \u00e0 ses composants naturels: (extrait de th\u00e9 vert, huile de germe de bl\u00e9, beurre de karit\u00e9, le vit E et la cire d\u2019abeille).<br \/>\n-Formul\u00e9e sans parfum synth\u00e9tique ni colorant, sans parab\u00e8ne et sans filtres chimiques; Test\u00e9e cliniquement sur des peaux extr\u00eamement sensibles; Hypoallerg\u00e9nique et non com\u00e9dog\u00e8ne elle convient :<\/p>\n<p>-Aux peaux irrit\u00e9es et peaux r\u00e9actives.<br \/>\n-Aux peaux intol\u00e9rantes aux filtres chimiques.<br \/>\n-Aux ecz\u00e9mas et peaux \u00e0 tendance atopique.<br \/>\n-Aux peaux expos\u00e9es aux conditions extr\u00eames d\u2019ensoleillement.<br \/>\n-A la photosensibilisation m\u00e9dicamenteuse, durant la grossesse ou apr\u00e8s traitement laser ou peeling.<\/p>\n<p>\u2013 Sa texture hydratante et fondante, lui permet de s\u2019absorber facilement, sans coller et sans laisser de film gras \u00e0 la surface de la peau.<\/p>\n<\/div>\n<\/div>","protected":false},"excerpt":{"rendered":"<p>Highlights:UVP cr\u00e8me min\u00e9rale teint\u00e9e solaire spf50 est un \u00e9cran solaire tr\u00e8s haute protection sp\u00e9cialement con\u00e7ue pour les peaux intol\u00e9rantes aux filtres chimiques.Enti\u00e8rement min\u00e9rale, UVP cr\u00e8me min\u00e9rale teint\u00e9e solaire est indiqu\u00e9e pour les peaux extr\u00eamement sensibles, les peaux irrit\u00e9es, les peaux r\u00e9actives et les peaux intol\u00e9rantes aux autres cr\u00e8mes solaires.<\/p>","protected":false},"featured_media":43088,"comment_status":"open","ping_status":"closed","template":"","meta":[],"pwb-brand":[2101],"product_cat":[16],"product_tag":[],"class_list":{"0":"post-43087","1":"product","2":"type-product","3":"status-publish","4":"has-post-thumbnail","6":"pwb-brand-uvp","7":"product_cat-non-classe","8":"pa_brands-uvp","10":"first","11":"instock","12":"sale","13":"shipping-taxable","14":"purchasable","15":"product-type-simple"},"yoast_head":"<!-- This site is optimized with the Yoast SEO plugin v27.5 - https:\/\/yoast.com\/product\/yoast-seo-wordpress\/ -->\n<title>Uvp Ecran Minerale spf50+ 50ml - paragaleriedetalborjt<\/title>\n<meta name=\"robots\" content=\"index, follow, max-snippet:-1, max-image-preview:large, max-video-preview:-1\" \/>\n<link rel=\"canonical\" href=\"https:\/\/paragaleriedetalborjt.com\/en\/boutique\/uvp-ecran-minerale-spf50-50ml\/\" \/>\n<meta property=\"og:locale\" content=\"en_US\" \/>\n<meta property=\"og:type\" content=\"article\" \/>\n<meta property=\"og:title\" content=\"Uvp Ecran Minerale spf50+ 50ml - paragaleriedetalborjt\" \/>\n<meta property=\"og:description\" content=\"Highlights:UVP cr\u00e8me min\u00e9rale teint\u00e9e solaire spf50 est un \u00e9cran solaire tr\u00e8s haute protection sp\u00e9cialement con\u00e7ue pour les peaux intol\u00e9rantes aux filtres chimiques.Enti\u00e8rement min\u00e9rale, UVP cr\u00e8me min\u00e9rale teint\u00e9e solaire est indiqu\u00e9e pour les peaux extr\u00eamement sensibles, les peaux irrit\u00e9es, les peaux r\u00e9actives et les peaux intol\u00e9rantes aux autres cr\u00e8mes solaires.\" \/>\n<meta property=\"og:url\" content=\"https:\/\/paragaleriedetalborjt.com\/en\/boutique\/uvp-ecran-minerale-spf50-50ml\/\" \/>\n<meta property=\"og:site_name\" content=\"paragaleriedetalborjt\" \/>\n<meta property=\"og:image\" content=\"https:\/\/paragaleriedetalborjt.com\/wp-content\/uploads\/2026\/01\/UVP-Creme-Solaire-Minerale-SPF50-1.jpg\" \/>\n\t<meta property=\"og:image:width\" content=\"596\" \/>\n\t<meta property=\"og:image:height\" content=\"656\" \/>\n\t<meta property=\"og:image:type\" content=\"image\/jpeg\" \/>\n<meta name=\"twitter:card\" content=\"summary_large_image\" \/>\n<meta name=\"twitter:label1\" content=\"Est. reading time\" \/>\n\t<meta name=\"twitter:data1\" content=\"1 minute\" \/>\n<script type=\"application\/ld+json\" class=\"yoast-schema-graph\">{\"@context\":\"https:\\\/\\\/schema.org\",\"@graph\":[{\"@type\":\"WebPage\",\"@id\":\"https:\\\/\\\/paragaleriedetalborjt.com\\\/boutique\\\/uvp-ecran-minerale-spf50-50ml\\\/\",\"url\":\"https:\\\/\\\/paragaleriedetalborjt.com\\\/boutique\\\/uvp-ecran-minerale-spf50-50ml\\\/\",\"name\":\"Uvp Ecran Minerale spf50+ 50ml - paragaleriedetalborjt\",\"isPartOf\":{\"@id\":\"https:\\\/\\\/paragaleriedetalborjt.com\\\/#website\"},\"primaryImageOfPage\":{\"@id\":\"https:\\\/\\\/paragaleriedetalborjt.com\\\/boutique\\\/uvp-ecran-minerale-spf50-50ml\\\/#primaryimage\"},\"image\":{\"@id\":\"https:\\\/\\\/paragaleriedetalborjt.com\\\/boutique\\\/uvp-ecran-minerale-spf50-50ml\\\/#primaryimage\"},\"thumbnailUrl\":\"https:\\\/\\\/paragaleriedetalborjt.com\\\/wp-content\\\/uploads\\\/2026\\\/01\\\/UVP-Creme-Solaire-Minerale-SPF50-1.jpg\",\"datePublished\":\"2026-01-03T20:58:09+00:00\",\"breadcrumb\":{\"@id\":\"https:\\\/\\\/paragaleriedetalborjt.com\\\/boutique\\\/uvp-ecran-minerale-spf50-50ml\\\/#breadcrumb\"},\"inLanguage\":\"en-US\",\"potentialAction\":[{\"@type\":\"ReadAction\",\"target\":[\"https:\\\/\\\/paragaleriedetalborjt.com\\\/boutique\\\/uvp-ecran-minerale-spf50-50ml\\\/\"]}]},{\"@type\":\"ImageObject\",\"inLanguage\":\"en-US\",\"@id\":\"https:\\\/\\\/paragaleriedetalborjt.com\\\/boutique\\\/uvp-ecran-minerale-spf50-50ml\\\/#primaryimage\",\"url\":\"https:\\\/\\\/paragaleriedetalborjt.com\\\/wp-content\\\/uploads\\\/2026\\\/01\\\/UVP-Creme-Solaire-Minerale-SPF50-1.jpg\",\"contentUrl\":\"https:\\\/\\\/paragaleriedetalborjt.com\\\/wp-content\\\/uploads\\\/2026\\\/01\\\/UVP-Creme-Solaire-Minerale-SPF50-1.jpg\",\"width\":596,\"height\":656},{\"@type\":\"BreadcrumbList\",\"@id\":\"https:\\\/\\\/paragaleriedetalborjt.com\\\/boutique\\\/uvp-ecran-minerale-spf50-50ml\\\/#breadcrumb\",\"itemListElement\":[{\"@type\":\"ListItem\",\"position\":1,\"name\":\"Accueil\",\"item\":\"https:\\\/\\\/paragaleriedetalborjt.com\\\/\"},{\"@type\":\"ListItem\",\"position\":2,\"name\":\"Boutique\",\"item\":\"https:\\\/\\\/paragaleriedetalborjt.com\\\/boutique\\\/\"},{\"@type\":\"ListItem\",\"position\":3,\"name\":\"Uvp Ecran Minerale spf50+ 50ml\"}]},{\"@type\":\"WebSite\",\"@id\":\"https:\\\/\\\/paragaleriedetalborjt.com\\\/#website\",\"url\":\"https:\\\/\\\/paragaleriedetalborjt.com\\\/\",\"name\":\"paragaleriedetalborjt\",\"description\":\"\",\"potentialAction\":[{\"@type\":\"SearchAction\",\"target\":{\"@type\":\"EntryPoint\",\"urlTemplate\":\"https:\\\/\\\/paragaleriedetalborjt.com\\\/?s={search_term_string}\"},\"query-input\":{\"@type\":\"PropertyValueSpecification\",\"valueRequired\":true,\"valueName\":\"search_term_string\"}}],\"inLanguage\":\"en-US\"}]}<\/script>\n<!-- \/ Yoast SEO plugin. -->","yoast_head_json":{"title":"Uvp Ecran Minerale spf50+ 50ml - paragaleriedetalborjt","robots":{"index":"index","follow":"follow","max-snippet":"max-snippet:-1","max-image-preview":"max-image-preview:large","max-video-preview":"max-video-preview:-1"},"canonical":"https:\/\/paragaleriedetalborjt.com\/en\/boutique\/uvp-ecran-minerale-spf50-50ml\/","og_locale":"en_US","og_type":"article","og_title":"Uvp Ecran Minerale spf50+ 50ml - paragaleriedetalborjt","og_description":"Highlights:UVP cr\u00e8me min\u00e9rale teint\u00e9e solaire spf50 est un \u00e9cran solaire tr\u00e8s haute protection sp\u00e9cialement con\u00e7ue pour les peaux intol\u00e9rantes aux filtres chimiques.Enti\u00e8rement min\u00e9rale, UVP cr\u00e8me min\u00e9rale teint\u00e9e solaire est indiqu\u00e9e pour les peaux extr\u00eamement sensibles, les peaux irrit\u00e9es, les peaux r\u00e9actives et les peaux intol\u00e9rantes aux autres cr\u00e8mes solaires.","og_url":"https:\/\/paragaleriedetalborjt.com\/en\/boutique\/uvp-ecran-minerale-spf50-50ml\/","og_site_name":"paragaleriedetalborjt","og_image":[{"width":596,"height":656,"url":"https:\/\/paragaleriedetalborjt.com\/wp-content\/uploads\/2026\/01\/UVP-Creme-Solaire-Minerale-SPF50-1.jpg","type":"image\/jpeg"}],"twitter_card":"summary_large_image","twitter_misc":{"Est. reading time":"1 minute"},"schema":{"@context":"https:\/\/schema.org","@graph":[{"@type":"WebPage","@id":"https:\/\/paragaleriedetalborjt.com\/boutique\/uvp-ecran-minerale-spf50-50ml\/","url":"https:\/\/paragaleriedetalborjt.com\/boutique\/uvp-ecran-minerale-spf50-50ml\/","name":"Uvp Ecran Minerale spf50+ 50ml - paragaleriedetalborjt","isPartOf":{"@id":"https:\/\/paragaleriedetalborjt.com\/#website"},"primaryImageOfPage":{"@id":"https:\/\/paragaleriedetalborjt.com\/boutique\/uvp-ecran-minerale-spf50-50ml\/#primaryimage"},"image":{"@id":"https:\/\/paragaleriedetalborjt.com\/boutique\/uvp-ecran-minerale-spf50-50ml\/#primaryimage"},"thumbnailUrl":"https:\/\/paragaleriedetalborjt.com\/wp-content\/uploads\/2026\/01\/UVP-Creme-Solaire-Minerale-SPF50-1.jpg","datePublished":"2026-01-03T20:58:09+00:00","breadcrumb":{"@id":"https:\/\/paragaleriedetalborjt.com\/boutique\/uvp-ecran-minerale-spf50-50ml\/#breadcrumb"},"inLanguage":"en-US","potentialAction":[{"@type":"ReadAction","target":["https:\/\/paragaleriedetalborjt.com\/boutique\/uvp-ecran-minerale-spf50-50ml\/"]}]},{"@type":"ImageObject","inLanguage":"en-US","@id":"https:\/\/paragaleriedetalborjt.com\/boutique\/uvp-ecran-minerale-spf50-50ml\/#primaryimage","url":"https:\/\/paragaleriedetalborjt.com\/wp-content\/uploads\/2026\/01\/UVP-Creme-Solaire-Minerale-SPF50-1.jpg","contentUrl":"https:\/\/paragaleriedetalborjt.com\/wp-content\/uploads\/2026\/01\/UVP-Creme-Solaire-Minerale-SPF50-1.jpg","width":596,"height":656},{"@type":"BreadcrumbList","@id":"https:\/\/paragaleriedetalborjt.com\/boutique\/uvp-ecran-minerale-spf50-50ml\/#breadcrumb","itemListElement":[{"@type":"ListItem","position":1,"name":"Accueil","item":"https:\/\/paragaleriedetalborjt.com\/"},{"@type":"ListItem","position":2,"name":"Boutique","item":"https:\/\/paragaleriedetalborjt.com\/boutique\/"},{"@type":"ListItem","position":3,"name":"Uvp Ecran Minerale spf50+ 50ml"}]},{"@type":"WebSite","@id":"https:\/\/paragaleriedetalborjt.com\/#website","url":"https:\/\/paragaleriedetalborjt.com\/","name":"paragaleriedetalborjt","description":"","potentialAction":[{"@type":"SearchAction","target":{"@type":"EntryPoint","urlTemplate":"https:\/\/paragaleriedetalborjt.com\/?s={search_term_string}"},"query-input":{"@type":"PropertyValueSpecification","valueRequired":true,"valueName":"search_term_string"}}],"inLanguage":"en-US"}]}},"brands":[{"id":2101,"name":"UVP","slug":"uvp"}],"_links":{"self":[{"href":"https:\/\/paragaleriedetalborjt.com\/en\/wp-json\/wp\/v2\/product\/43087","targetHints":{"allow":["GET"]}}],"collection":[{"href":"https:\/\/paragaleriedetalborjt.com\/en\/wp-json\/wp\/v2\/product"}],"about":[{"href":"https:\/\/paragaleriedetalborjt.com\/en\/wp-json\/wp\/v2\/types\/product"}],"replies":[{"embeddable":true,"href":"https:\/\/paragaleriedetalborjt.com\/en\/wp-json\/wp\/v2\/comments?post=43087"}],"version-history":[{"count":1,"href":"https:\/\/paragaleriedetalborjt.com\/en\/wp-json\/wp\/v2\/product\/43087\/revisions"}],"predecessor-version":[{"id":43089,"href":"https:\/\/paragaleriedetalborjt.com\/en\/wp-json\/wp\/v2\/product\/43087\/revisions\/43089"}],"wp:featuredmedia":[{"embeddable":true,"href":"https:\/\/paragaleriedetalborjt.com\/en\/wp-json\/wp\/v2\/media\/43088"}],"wp:attachment":[{"href":"https:\/\/paragaleriedetalborjt.com\/en\/wp-json\/wp\/v2\/media?parent=43087"}],"wp:term":[{"taxonomy":"pwb-brand","embeddable":true,"href":"https:\/\/paragaleriedetalborjt.com\/en\/wp-json\/wp\/v2\/pwb-brand?post=43087"},{"taxonomy":"product_cat","embeddable":true,"href":"https:\/\/paragaleriedetalborjt.com\/en\/wp-json\/wp\/v2\/product_cat?post=43087"},{"taxonomy":"product_tag","embeddable":true,"href":"https:\/\/paragaleriedetalborjt.com\/en\/wp-json\/wp\/v2\/product_tag?post=43087"}],"curies":[{"name":"wp","href":"https:\/\/api.w.org\/{rel}","templated":true}]}}

<div aria-labelledby="tab-title-description" class="woocommerce-Tabs-panel woocommerce-Tabs-panel--description panel entry-content wc-tab" id="tab-description" role="tabpanel" style="">
<h2>Description</h2>
<h2><strong>Description</strong></h2>
<div aria-labelledby="tab-title-description" class="woocommerce-Tabs-panel woocommerce-Tabs-panel--description panel entry-content wc-tab" id="tab-description" role="tabpanel" style="display: none;">
<p>UVP crème minérale teintée solaire spf50 est un écran solaire très haute protection spécialement conçue pour les peaux intolérantes aux filtres chimiques.<br />
Entièrement minérale, UVP crème minérale teintée solaire est indiquée pour les peaux extrêmement sensibles, les peaux irritées, les peaux réactives et les peaux intolérantes aux autres crèmes solaires.</p>
<p>Associant l’efficacité des filtres minéraux aux bienfaits de ses composantes médicinales naturelles la crème solaire UVP procure :</p>
<p>-Une protection solaire extrême UVA-UVB.<br />
-Un effet hydratant, apaisant, antioxydant grâce à ses composants naturels: (extrait de thé vert, huile de germe de blé, beurre de karité, le vit E et la cire d’abeille).<br />
-Formulée sans parfum synthétique ni colorant, sans parabène et sans filtres chimiques; Testée cliniquement sur des peaux extrêmement sensibles; Hypoallergénique et non comédogène elle convient :</p>
<p>-Aux peaux irritées et peaux réactives.<br />
-Aux peaux intolérantes aux filtres chimiques.<br />
-Aux eczémas et peaux à tendance atopique.<br />
-Aux peaux exposées aux conditions extrêmes d’ensoleillement.<br />
-A la photosensibilisation médicamenteuse, durant la grossesse ou après traitement laser ou peeling.</p>
<p>– Sa texture hydratante et fondante, lui permet de s’absorber facilement, sans coller et sans laisser de film gras à la surface de la peau.</p>
</div>
</div>

<p>Highlights:UVP crème minérale teintée solaire spf50 est un écran solaire très haute protection spécialement conçue pour les peaux intolérantes aux filtres chimiques.Entièrement minérale, UVP crème minérale teintée solaire est indiquée pour les peaux extrêmement sensibles, les peaux irritées, les peaux réactives et les peaux intolérantes aux autres crèmes solaires.</p>

<!-- This site is optimized with the Yoast SEO plugin v27.5 - https://yoast.com/product/yoast-seo-wordpress/ -->
<title>Uvp Ecran Minerale spf50+ 50ml - paragaleriedetalborjt</title>
<meta name="robots" content="index, follow, max-snippet:-1, max-image-preview:large, max-video-preview:-1" />
<link rel="canonical" href="https://paragaleriedetalborjt.com/en/boutique/uvp-ecran-minerale-spf50-50ml/" />
<meta property="og:locale" content="en_US" />
<meta property="og:type" content="article" />
<meta property="og:title" content="Uvp Ecran Minerale spf50+ 50ml - paragaleriedetalborjt" />
<meta property="og:description" content="Highlights:UVP crème minérale teintée solaire spf50 est un écran solaire très haute protection spécialement conçue pour les peaux intolérantes aux filtres chimiques.Entièrement minérale, UVP crème minérale teintée solaire est indiquée pour les peaux extrêmement sensibles, les peaux irritées, les peaux réactives et les peaux intolérantes aux autres crèmes solaires." />
<meta property="og:url" content="https://paragaleriedetalborjt.com/en/boutique/uvp-ecran-minerale-spf50-50ml/" />
<meta property="og:site_name" content="paragaleriedetalborjt" />
<meta property="og:image" content="https://paragaleriedetalborjt.com/wp-content/uploads/2026/01/UVP-Creme-Solaire-Minerale-SPF50-1.jpg" />
	<meta property="og:image:width" content="596" />
	<meta property="og:image:height" content="656" />
	<meta property="og:image:type" content="image/jpeg" />
<meta name="twitter:card" content="summary_large_image" />
<meta name="twitter:label1" content="Est. reading time" />
	<meta name="twitter:data1" content="1 minute" />
<script type="application/ld+json" class="yoast-schema-graph">{"@context":"https:\/\/schema.org","@graph":[{"@type":"WebPage","@id":"https:\/\/paragaleriedetalborjt.com\/boutique\/uvp-ecran-minerale-spf50-50ml\/","url":"https:\/\/paragaleriedetalborjt.com\/boutique\/uvp-ecran-minerale-spf50-50ml\/","name":"Uvp Ecran Minerale spf50+ 50ml - paragaleriedetalborjt","isPartOf":{"@id":"https:\/\/paragaleriedetalborjt.com\/#website"},"primaryImageOfPage":{"@id":"https:\/\/paragaleriedetalborjt.com\/boutique\/uvp-ecran-minerale-spf50-50ml\/#primaryimage"},"image":{"@id":"https:\/\/paragaleriedetalborjt.com\/boutique\/uvp-ecran-minerale-spf50-50ml\/#primaryimage"},"thumbnailUrl":"https:\/\/paragaleriedetalborjt.com\/wp-content\/uploads\/2026\/01\/UVP-Creme-Solaire-Minerale-SPF50-1.jpg","datePublished":"2026-01-03T20:58:09+00:00","breadcrumb":{"@id":"https:\/\/paragaleriedetalborjt.com\/boutique\/uvp-ecran-minerale-spf50-50ml\/#breadcrumb"},"inLanguage":"en-US","potentialAction":[{"@type":"ReadAction","target":["https:\/\/paragaleriedetalborjt.com\/boutique\/uvp-ecran-minerale-spf50-50ml\/"]}]},{"@type":"ImageObject","inLanguage":"en-US","@id":"https:\/\/paragaleriedetalborjt.com\/boutique\/uvp-ecran-minerale-spf50-50ml\/#primaryimage","url":"https:\/\/paragaleriedetalborjt.com\/wp-content\/uploads\/2026\/01\/UVP-Creme-Solaire-Minerale-SPF50-1.jpg","contentUrl":"https:\/\/paragaleriedetalborjt.com\/wp-content\/uploads\/2026\/01\/UVP-Creme-Solaire-Minerale-SPF50-1.jpg","width":596,"height":656},{"@type":"BreadcrumbList","@id":"https:\/\/paragaleriedetalborjt.com\/boutique\/uvp-ecran-minerale-spf50-50ml\/#breadcrumb","itemListElement":[{"@type":"ListItem","position":1,"name":"Accueil","item":"https:\/\/paragaleriedetalborjt.com\/"},{"@type":"ListItem","position":2,"name":"Boutique","item":"https:\/\/paragaleriedetalborjt.com\/boutique\/"},{"@type":"ListItem","position":3,"name":"Uvp Ecran Minerale spf50+ 50ml"}]},{"@type":"WebSite","@id":"https:\/\/paragaleriedetalborjt.com\/#website","url":"https:\/\/paragaleriedetalborjt.com\/","name":"paragaleriedetalborjt","description":"","potentialAction":[{"@type":"SearchAction","target":{"@type":"EntryPoint","urlTemplate":"https:\/\/paragaleriedetalborjt.com\/?s={search_term_string}"},"query-input":{"@type":"PropertyValueSpecification","valueRequired":true,"valueName":"search_term_string"}}],"inLanguage":"en-US"}]}</script>
<!-- / Yoast SEO plugin. -->

Highlights:UVP crème minérale teintée solaire spf50 est un écran solaire très haute protection spécialement conçue pour les peaux intolérantes aux filtres chimiques.Entièrement minérale, UVP crème minérale teintée solaire est indiquée pour les peaux extrêmement sensibles, les peaux irritées, les peaux réactives et les peaux intolérantes aux autres crèmes solaires.
