{"id":39271,"date":"2026-01-03T18:56:31","date_gmt":"2026-01-03T17:56:31","guid":{"rendered":"https:\/\/paragaleriedetalborjt.com\/?post_type=product&#038;p=39271"},"modified":"2026-01-03T20:16:11","modified_gmt":"2026-01-03T19:16:11","slug":"df-antitache-creme-depigmentante-30-ml","status":"publish","type":"product","link":"https:\/\/paragaleriedetalborjt.com\/en\/boutique\/df-antitache-creme-depigmentante-30-ml\/","title":{"rendered":"DF Antitache Cr\u00e8me D\u00e9pigmentante 30 ML"},"content":{"rendered":"<div aria-labelledby=\"tab-title-description\" class=\"woocommerce-Tabs-panel woocommerce-Tabs-panel--description panel entry-content wc-tab\" id=\"tab-description\" role=\"tabpanel\" style=\"\">\n<h2>Description<\/h2>\n<p>Le d\u00e9pigmentation Factor (DF), principal composant actif de la cr\u00e8me et du lait se pr\u00e9sente sous forme d\u2019un s\u00e9rum liposomial riche en Bioflavono\u00efdes, concentr\u00e9s dans les nanocapsules. Il exerce un puissant effet r\u00e9ducteur sur la synth\u00e8se de la m\u00e9lanine.<br \/>\nSon rendement \u00e9lev\u00e9 a \u00e9t\u00e9 scientifiquement test\u00e9.<br \/>\nLe DF, associ\u00e9 \u00e0 des vitamines et \u00e0 des filtres solaires, combat la m\u00e9lanine responsable des taches de pigmentations. Les filtres solaires prot\u00e9gent la peau contre l\u2019exposition au soleil, tandis que la substance active combat les taches fonc\u00e9es de pigmentation et r\u00e9duit l\u2019action des rayons UV sur l\u2019augmentation de la production de la m\u00e9lanine. DF cr\u00e8me et lait int\u00e8grent \u00e9galement le Beurre de KARITE e l\u2019Huile de JOJOBA qui restaurent l\u2019\u00e9quilibre de l\u2019hydratation de la peau. Gr\u00e2ce \u00e0 la vitamine E et le beta-carot\u00e8ne, DF Antitache et DF Lait \u00e9claircissant poss\u00e8dent une action anti-radicalaire positive quotidienne pour combattre les dommages des oxydants (exposition au soleil, pollution, maquillage, fum\u00e9e, effort) qui acc\u00e9l\u00e8rent visiblement le vieillissement de la peau.<\/p>\n<p>INDICATIONS:<\/p>\n<p>DF recommand\u00e9e pour tous les d\u00e9sordres pigmentaires de la peau<br \/>\nTaches fonc\u00e9es de pigmentation; Masque de grossesse; Teint terne; Hyperpigmentations cicatricielles.<\/p>\n<p>UTILISATION:<\/p>\n<p>Appliquer deux fois par jour en massage, sur le visage et le cou pr\u00e9alablement nettoy\u00e9s. Cette cr\u00e8me contient des filtres solaires afin d\u2019\u00eatre utilis\u00e9e le matin, de pr\u00e9f\u00e9rence avant une cr\u00e8me protectrice du soleil.<br \/>\nL\u2019utilisation de DF peut \u00eatre prolong\u00e9e sur des p\u00e9riodes relativement longues pour minimiser le risque de r\u00e9apparition de nouvelles taches.<br \/>\nUsage externe \u2013 ne pas avaler \u2013 \u00e9viter tout contact avec les yeux.<\/p>\n<\/div>","protected":false},"excerpt":{"rendered":"<p>Highlights:\u2022 LISSEles rides install\u00e9es gr\u00e2ce \u00e0 l\u2019Ascofilline\u2122 et \u00e0 l\u2019Acide Hyaluronique.\u2022 RAFFERMITla peau.\u2022 RAVIVEla luminosit\u00e9 et sublime le teint gr\u00e2ce aux micro-nacres pour une correction anti-fatigue.<\/p>","protected":false},"featured_media":39272,"comment_status":"open","ping_status":"closed","template":"","meta":[],"pwb-brand":[1714],"product_cat":[16],"product_tag":[],"class_list":{"0":"post-39271","1":"product","2":"type-product","3":"status-publish","4":"has-post-thumbnail","6":"pwb-brand-df","7":"product_cat-non-classe","8":"pa_brands-df","10":"first","11":"instock","12":"sale","13":"shipping-taxable","14":"purchasable","15":"product-type-simple"},"yoast_head":"<!-- This site is optimized with the Yoast SEO plugin v27.5 - https:\/\/yoast.com\/product\/yoast-seo-wordpress\/ -->\n<title>DF Antitache Cr\u00e8me D\u00e9pigmentante 30 ML - paragaleriedetalborjt<\/title>\n<meta name=\"robots\" content=\"index, follow, max-snippet:-1, max-image-preview:large, max-video-preview:-1\" \/>\n<link rel=\"canonical\" href=\"https:\/\/paragaleriedetalborjt.com\/en\/boutique\/df-antitache-creme-depigmentante-30-ml\/\" \/>\n<meta property=\"og:locale\" content=\"en_US\" \/>\n<meta property=\"og:type\" content=\"article\" \/>\n<meta property=\"og:title\" content=\"DF Antitache Cr\u00e8me D\u00e9pigmentante 30 ML - paragaleriedetalborjt\" \/>\n<meta property=\"og:description\" content=\"Highlights:\u2022 LISSEles rides install\u00e9es gr\u00e2ce \u00e0 l\u2019Ascofilline\u2122 et \u00e0 l\u2019Acide Hyaluronique.\u2022 RAFFERMITla peau.\u2022 RAVIVEla luminosit\u00e9 et sublime le teint gr\u00e2ce aux micro-nacres pour une correction anti-fatigue.\" \/>\n<meta property=\"og:url\" content=\"https:\/\/paragaleriedetalborjt.com\/en\/boutique\/df-antitache-creme-depigmentante-30-ml\/\" \/>\n<meta property=\"og:site_name\" content=\"paragaleriedetalborjt\" \/>\n<meta property=\"article:modified_time\" content=\"2026-01-03T19:16:11+00:00\" \/>\n<meta property=\"og:image\" content=\"https:\/\/paragaleriedetalborjt.com\/wp-content\/uploads\/2026\/01\/New-Project-6-7.jpg\" \/>\n\t<meta property=\"og:image:width\" content=\"595\" \/>\n\t<meta property=\"og:image:height\" content=\"655\" \/>\n\t<meta property=\"og:image:type\" content=\"image\/jpeg\" \/>\n<meta name=\"twitter:card\" content=\"summary_large_image\" \/>\n<meta name=\"twitter:label1\" content=\"Est. reading time\" \/>\n\t<meta name=\"twitter:data1\" content=\"1 minute\" \/>\n<script type=\"application\/ld+json\" class=\"yoast-schema-graph\">{\"@context\":\"https:\\\/\\\/schema.org\",\"@graph\":[{\"@type\":\"WebPage\",\"@id\":\"https:\\\/\\\/paragaleriedetalborjt.com\\\/boutique\\\/df-antitache-creme-depigmentante-30-ml\\\/\",\"url\":\"https:\\\/\\\/paragaleriedetalborjt.com\\\/boutique\\\/df-antitache-creme-depigmentante-30-ml\\\/\",\"name\":\"DF Antitache Cr\u00e8me D\u00e9pigmentante 30 ML - paragaleriedetalborjt\",\"isPartOf\":{\"@id\":\"https:\\\/\\\/paragaleriedetalborjt.com\\\/#website\"},\"primaryImageOfPage\":{\"@id\":\"https:\\\/\\\/paragaleriedetalborjt.com\\\/boutique\\\/df-antitache-creme-depigmentante-30-ml\\\/#primaryimage\"},\"image\":{\"@id\":\"https:\\\/\\\/paragaleriedetalborjt.com\\\/boutique\\\/df-antitache-creme-depigmentante-30-ml\\\/#primaryimage\"},\"thumbnailUrl\":\"https:\\\/\\\/paragaleriedetalborjt.com\\\/wp-content\\\/uploads\\\/2026\\\/01\\\/New-Project-6-7.jpg\",\"datePublished\":\"2026-01-03T17:56:31+00:00\",\"dateModified\":\"2026-01-03T19:16:11+00:00\",\"breadcrumb\":{\"@id\":\"https:\\\/\\\/paragaleriedetalborjt.com\\\/boutique\\\/df-antitache-creme-depigmentante-30-ml\\\/#breadcrumb\"},\"inLanguage\":\"en-US\",\"potentialAction\":[{\"@type\":\"ReadAction\",\"target\":[\"https:\\\/\\\/paragaleriedetalborjt.com\\\/boutique\\\/df-antitache-creme-depigmentante-30-ml\\\/\"]}]},{\"@type\":\"ImageObject\",\"inLanguage\":\"en-US\",\"@id\":\"https:\\\/\\\/paragaleriedetalborjt.com\\\/boutique\\\/df-antitache-creme-depigmentante-30-ml\\\/#primaryimage\",\"url\":\"https:\\\/\\\/paragaleriedetalborjt.com\\\/wp-content\\\/uploads\\\/2026\\\/01\\\/New-Project-6-7.jpg\",\"contentUrl\":\"https:\\\/\\\/paragaleriedetalborjt.com\\\/wp-content\\\/uploads\\\/2026\\\/01\\\/New-Project-6-7.jpg\",\"width\":595,\"height\":655},{\"@type\":\"BreadcrumbList\",\"@id\":\"https:\\\/\\\/paragaleriedetalborjt.com\\\/boutique\\\/df-antitache-creme-depigmentante-30-ml\\\/#breadcrumb\",\"itemListElement\":[{\"@type\":\"ListItem\",\"position\":1,\"name\":\"Accueil\",\"item\":\"https:\\\/\\\/paragaleriedetalborjt.com\\\/\"},{\"@type\":\"ListItem\",\"position\":2,\"name\":\"Boutique\",\"item\":\"https:\\\/\\\/paragaleriedetalborjt.com\\\/boutique\\\/\"},{\"@type\":\"ListItem\",\"position\":3,\"name\":\"DF Antitache Cr\u00e8me D\u00e9pigmentante 30 ML\"}]},{\"@type\":\"WebSite\",\"@id\":\"https:\\\/\\\/paragaleriedetalborjt.com\\\/#website\",\"url\":\"https:\\\/\\\/paragaleriedetalborjt.com\\\/\",\"name\":\"paragaleriedetalborjt\",\"description\":\"\",\"potentialAction\":[{\"@type\":\"SearchAction\",\"target\":{\"@type\":\"EntryPoint\",\"urlTemplate\":\"https:\\\/\\\/paragaleriedetalborjt.com\\\/?s={search_term_string}\"},\"query-input\":{\"@type\":\"PropertyValueSpecification\",\"valueRequired\":true,\"valueName\":\"search_term_string\"}}],\"inLanguage\":\"en-US\"}]}<\/script>\n<!-- \/ Yoast SEO plugin. -->","yoast_head_json":{"title":"DF Antitache Cr\u00e8me D\u00e9pigmentante 30 ML - paragaleriedetalborjt","robots":{"index":"index","follow":"follow","max-snippet":"max-snippet:-1","max-image-preview":"max-image-preview:large","max-video-preview":"max-video-preview:-1"},"canonical":"https:\/\/paragaleriedetalborjt.com\/en\/boutique\/df-antitache-creme-depigmentante-30-ml\/","og_locale":"en_US","og_type":"article","og_title":"DF Antitache Cr\u00e8me D\u00e9pigmentante 30 ML - paragaleriedetalborjt","og_description":"Highlights:\u2022 LISSEles rides install\u00e9es gr\u00e2ce \u00e0 l\u2019Ascofilline\u2122 et \u00e0 l\u2019Acide Hyaluronique.\u2022 RAFFERMITla peau.\u2022 RAVIVEla luminosit\u00e9 et sublime le teint gr\u00e2ce aux micro-nacres pour une correction anti-fatigue.","og_url":"https:\/\/paragaleriedetalborjt.com\/en\/boutique\/df-antitache-creme-depigmentante-30-ml\/","og_site_name":"paragaleriedetalborjt","article_modified_time":"2026-01-03T19:16:11+00:00","og_image":[{"width":595,"height":655,"url":"https:\/\/paragaleriedetalborjt.com\/wp-content\/uploads\/2026\/01\/New-Project-6-7.jpg","type":"image\/jpeg"}],"twitter_card":"summary_large_image","twitter_misc":{"Est. reading time":"1 minute"},"schema":{"@context":"https:\/\/schema.org","@graph":[{"@type":"WebPage","@id":"https:\/\/paragaleriedetalborjt.com\/boutique\/df-antitache-creme-depigmentante-30-ml\/","url":"https:\/\/paragaleriedetalborjt.com\/boutique\/df-antitache-creme-depigmentante-30-ml\/","name":"DF Antitache Cr\u00e8me D\u00e9pigmentante 30 ML - paragaleriedetalborjt","isPartOf":{"@id":"https:\/\/paragaleriedetalborjt.com\/#website"},"primaryImageOfPage":{"@id":"https:\/\/paragaleriedetalborjt.com\/boutique\/df-antitache-creme-depigmentante-30-ml\/#primaryimage"},"image":{"@id":"https:\/\/paragaleriedetalborjt.com\/boutique\/df-antitache-creme-depigmentante-30-ml\/#primaryimage"},"thumbnailUrl":"https:\/\/paragaleriedetalborjt.com\/wp-content\/uploads\/2026\/01\/New-Project-6-7.jpg","datePublished":"2026-01-03T17:56:31+00:00","dateModified":"2026-01-03T19:16:11+00:00","breadcrumb":{"@id":"https:\/\/paragaleriedetalborjt.com\/boutique\/df-antitache-creme-depigmentante-30-ml\/#breadcrumb"},"inLanguage":"en-US","potentialAction":[{"@type":"ReadAction","target":["https:\/\/paragaleriedetalborjt.com\/boutique\/df-antitache-creme-depigmentante-30-ml\/"]}]},{"@type":"ImageObject","inLanguage":"en-US","@id":"https:\/\/paragaleriedetalborjt.com\/boutique\/df-antitache-creme-depigmentante-30-ml\/#primaryimage","url":"https:\/\/paragaleriedetalborjt.com\/wp-content\/uploads\/2026\/01\/New-Project-6-7.jpg","contentUrl":"https:\/\/paragaleriedetalborjt.com\/wp-content\/uploads\/2026\/01\/New-Project-6-7.jpg","width":595,"height":655},{"@type":"BreadcrumbList","@id":"https:\/\/paragaleriedetalborjt.com\/boutique\/df-antitache-creme-depigmentante-30-ml\/#breadcrumb","itemListElement":[{"@type":"ListItem","position":1,"name":"Accueil","item":"https:\/\/paragaleriedetalborjt.com\/"},{"@type":"ListItem","position":2,"name":"Boutique","item":"https:\/\/paragaleriedetalborjt.com\/boutique\/"},{"@type":"ListItem","position":3,"name":"DF Antitache Cr\u00e8me D\u00e9pigmentante 30 ML"}]},{"@type":"WebSite","@id":"https:\/\/paragaleriedetalborjt.com\/#website","url":"https:\/\/paragaleriedetalborjt.com\/","name":"paragaleriedetalborjt","description":"","potentialAction":[{"@type":"SearchAction","target":{"@type":"EntryPoint","urlTemplate":"https:\/\/paragaleriedetalborjt.com\/?s={search_term_string}"},"query-input":{"@type":"PropertyValueSpecification","valueRequired":true,"valueName":"search_term_string"}}],"inLanguage":"en-US"}]}},"brands":[{"id":1714,"name":"DF","slug":"df"}],"_links":{"self":[{"href":"https:\/\/paragaleriedetalborjt.com\/en\/wp-json\/wp\/v2\/product\/39271","targetHints":{"allow":["GET"]}}],"collection":[{"href":"https:\/\/paragaleriedetalborjt.com\/en\/wp-json\/wp\/v2\/product"}],"about":[{"href":"https:\/\/paragaleriedetalborjt.com\/en\/wp-json\/wp\/v2\/types\/product"}],"replies":[{"embeddable":true,"href":"https:\/\/paragaleriedetalborjt.com\/en\/wp-json\/wp\/v2\/comments?post=39271"}],"version-history":[{"count":1,"href":"https:\/\/paragaleriedetalborjt.com\/en\/wp-json\/wp\/v2\/product\/39271\/revisions"}],"predecessor-version":[{"id":39273,"href":"https:\/\/paragaleriedetalborjt.com\/en\/wp-json\/wp\/v2\/product\/39271\/revisions\/39273"}],"wp:featuredmedia":[{"embeddable":true,"href":"https:\/\/paragaleriedetalborjt.com\/en\/wp-json\/wp\/v2\/media\/39272"}],"wp:attachment":[{"href":"https:\/\/paragaleriedetalborjt.com\/en\/wp-json\/wp\/v2\/media?parent=39271"}],"wp:term":[{"taxonomy":"pwb-brand","embeddable":true,"href":"https:\/\/paragaleriedetalborjt.com\/en\/wp-json\/wp\/v2\/pwb-brand?post=39271"},{"taxonomy":"product_cat","embeddable":true,"href":"https:\/\/paragaleriedetalborjt.com\/en\/wp-json\/wp\/v2\/product_cat?post=39271"},{"taxonomy":"product_tag","embeddable":true,"href":"https:\/\/paragaleriedetalborjt.com\/en\/wp-json\/wp\/v2\/product_tag?post=39271"}],"curies":[{"name":"wp","href":"https:\/\/api.w.org\/{rel}","templated":true}]}}

DF Antitache Crème Dépigmentante 30 ML

<div aria-labelledby="tab-title-description" class="woocommerce-Tabs-panel woocommerce-Tabs-panel--description panel entry-content wc-tab" id="tab-description" role="tabpanel" style="">
<h2>Description</h2>
<p>Le dépigmentation Factor (DF), principal composant actif de la crème et du lait se présente sous forme d’un sérum liposomial riche en Bioflavonoïdes, concentrés dans les nanocapsules. Il exerce un puissant effet réducteur sur la synthèse de la mélanine.<br />
Son rendement élevé a été scientifiquement testé.<br />
Le DF, associé à des vitamines et à des filtres solaires, combat la mélanine responsable des taches de pigmentations. Les filtres solaires protégent la peau contre l’exposition au soleil, tandis que la substance active combat les taches foncées de pigmentation et réduit l’action des rayons UV sur l’augmentation de la production de la mélanine. DF crème et lait intègrent également le Beurre de KARITE e l’Huile de JOJOBA qui restaurent l’équilibre de l’hydratation de la peau. Grâce à la vitamine E et le beta-carotène, DF Antitache et DF Lait éclaircissant possèdent une action anti-radicalaire positive quotidienne pour combattre les dommages des oxydants (exposition au soleil, pollution, maquillage, fumée, effort) qui accélèrent visiblement le vieillissement de la peau.</p>
<p>INDICATIONS:</p>
<p>DF recommandée pour tous les désordres pigmentaires de la peau<br />
Taches foncées de pigmentation; Masque de grossesse; Teint terne; Hyperpigmentations cicatricielles.</p>
<p>UTILISATION:</p>
<p>Appliquer deux fois par jour en massage, sur le visage et le cou préalablement nettoyés. Cette crème contient des filtres solaires afin d’être utilisée le matin, de préférence avant une crème protectrice du soleil.<br />
L’utilisation de DF peut être prolongée sur des périodes relativement longues pour minimiser le risque de réapparition de nouvelles taches.<br />
Usage externe – ne pas avaler – éviter tout contact avec les yeux.</p>
</div>

<p>Highlights:• LISSEles rides installées grâce à l’Ascofilline™ et à l’Acide Hyaluronique.• RAFFERMITla peau.• RAVIVEla luminosité et sublime le teint grâce aux micro-nacres pour une correction anti-fatigue.</p>

<!-- This site is optimized with the Yoast SEO plugin v27.5 - https://yoast.com/product/yoast-seo-wordpress/ -->
<title>DF Antitache Crème Dépigmentante 30 ML - paragaleriedetalborjt</title>
<meta name="robots" content="index, follow, max-snippet:-1, max-image-preview:large, max-video-preview:-1" />
<link rel="canonical" href="https://paragaleriedetalborjt.com/en/boutique/df-antitache-creme-depigmentante-30-ml/" />
<meta property="og:locale" content="en_US" />
<meta property="og:type" content="article" />
<meta property="og:title" content="DF Antitache Crème Dépigmentante 30 ML - paragaleriedetalborjt" />
<meta property="og:description" content="Highlights:• LISSEles rides installées grâce à l’Ascofilline™ et à l’Acide Hyaluronique.• RAFFERMITla peau.• RAVIVEla luminosité et sublime le teint grâce aux micro-nacres pour une correction anti-fatigue." />
<meta property="og:url" content="https://paragaleriedetalborjt.com/en/boutique/df-antitache-creme-depigmentante-30-ml/" />
<meta property="og:site_name" content="paragaleriedetalborjt" />
<meta property="article:modified_time" content="2026-01-03T19:16:11+00:00" />
<meta property="og:image" content="https://paragaleriedetalborjt.com/wp-content/uploads/2026/01/New-Project-6-7.jpg" />
	<meta property="og:image:width" content="595" />
	<meta property="og:image:height" content="655" />
	<meta property="og:image:type" content="image/jpeg" />
<meta name="twitter:card" content="summary_large_image" />
<meta name="twitter:label1" content="Est. reading time" />
	<meta name="twitter:data1" content="1 minute" />
<script type="application/ld+json" class="yoast-schema-graph">{"@context":"https:\/\/schema.org","@graph":[{"@type":"WebPage","@id":"https:\/\/paragaleriedetalborjt.com\/boutique\/df-antitache-creme-depigmentante-30-ml\/","url":"https:\/\/paragaleriedetalborjt.com\/boutique\/df-antitache-creme-depigmentante-30-ml\/","name":"DF Antitache Crème Dépigmentante 30 ML - paragaleriedetalborjt","isPartOf":{"@id":"https:\/\/paragaleriedetalborjt.com\/#website"},"primaryImageOfPage":{"@id":"https:\/\/paragaleriedetalborjt.com\/boutique\/df-antitache-creme-depigmentante-30-ml\/#primaryimage"},"image":{"@id":"https:\/\/paragaleriedetalborjt.com\/boutique\/df-antitache-creme-depigmentante-30-ml\/#primaryimage"},"thumbnailUrl":"https:\/\/paragaleriedetalborjt.com\/wp-content\/uploads\/2026\/01\/New-Project-6-7.jpg","datePublished":"2026-01-03T17:56:31+00:00","dateModified":"2026-01-03T19:16:11+00:00","breadcrumb":{"@id":"https:\/\/paragaleriedetalborjt.com\/boutique\/df-antitache-creme-depigmentante-30-ml\/#breadcrumb"},"inLanguage":"en-US","potentialAction":[{"@type":"ReadAction","target":["https:\/\/paragaleriedetalborjt.com\/boutique\/df-antitache-creme-depigmentante-30-ml\/"]}]},{"@type":"ImageObject","inLanguage":"en-US","@id":"https:\/\/paragaleriedetalborjt.com\/boutique\/df-antitache-creme-depigmentante-30-ml\/#primaryimage","url":"https:\/\/paragaleriedetalborjt.com\/wp-content\/uploads\/2026\/01\/New-Project-6-7.jpg","contentUrl":"https:\/\/paragaleriedetalborjt.com\/wp-content\/uploads\/2026\/01\/New-Project-6-7.jpg","width":595,"height":655},{"@type":"BreadcrumbList","@id":"https:\/\/paragaleriedetalborjt.com\/boutique\/df-antitache-creme-depigmentante-30-ml\/#breadcrumb","itemListElement":[{"@type":"ListItem","position":1,"name":"Accueil","item":"https:\/\/paragaleriedetalborjt.com\/"},{"@type":"ListItem","position":2,"name":"Boutique","item":"https:\/\/paragaleriedetalborjt.com\/boutique\/"},{"@type":"ListItem","position":3,"name":"DF Antitache Crème Dépigmentante 30 ML"}]},{"@type":"WebSite","@id":"https:\/\/paragaleriedetalborjt.com\/#website","url":"https:\/\/paragaleriedetalborjt.com\/","name":"paragaleriedetalborjt","description":"","potentialAction":[{"@type":"SearchAction","target":{"@type":"EntryPoint","urlTemplate":"https:\/\/paragaleriedetalborjt.com\/?s={search_term_string}"},"query-input":{"@type":"PropertyValueSpecification","valueRequired":true,"valueName":"search_term_string"}}],"inLanguage":"en-US"}]}</script>
<!-- / Yoast SEO plugin. -->

DF Antitache Crème Dépigmentante 30 ML - paragaleriedetalborjt

Highlights:• LISSEles rides installées grâce à l’Ascofilline™ et à l’Acide Hyaluronique.• RAFFERMITla peau.• RAVIVEla luminosité et sublime le teint grâce aux micro-nacres pour une correction anti-fatigue.
